{"id":423,"date":"2022-03-17T14:11:58","date_gmt":"2022-03-17T13:11:58","guid":{"rendered":"https:\/\/sevresretouches.com\/?page_id=423"},"modified":"2024-02-29T18:39:54","modified_gmt":"2024-02-29T17:39:54","slug":"politique-de-confidentialite","status":"publish","type":"page","link":"https:\/\/sevresretouches.com\/index.php\/politique-de-confidentialite\/","title":{"rendered":"Politique de confidentialit\u00e9"},"content":{"rendered":"\n<p><em>Le site internet https:\/\/www.sevresretouches.com (ci-apr\u00e8s \u00ab le Site \u00bb) est \u00e9dit\u00e9 par Sevres Retouches  dont le si\u00e8ge social est \u00e0 112, rue de S\u00e8vres 75015 Paris, immatricul\u00e9e au registre de commerce et des Soci\u00e9t\u00e9s de paris sous le num\u00e9ro &nbsp;A 453 462 319, ayant la qualit\u00e9 de responsable de traitement au sens de la r\u00e9glementation en mati\u00e8re de donn\u00e9es personnelles, notamment le R\u00e8glement (UE) G\u00e9n\u00e9ral n\u00b02016-679 sur la Protection des Donn\u00e9es personnelles des personnes physiques (RGPD).<\/em><\/p>\n\n\n\n<h3 class=\"wp-block-heading\">1. Quelles sont les donn\u00e9es personnelles trait\u00e9es ?<\/h3>\n\n\n\n<p>Selon les services du Site utilis\u00e9s et vos choix de param\u00e9trage (notamment par rapport aux cookies et autres traceurs), les Donn\u00e9es Personnelles vous concernant trait\u00e9es sont principalement : vos nom, pr\u00e9nom, adresse email, contenus consult\u00e9s. (ci-apr\u00e8s les \u00ab Donn\u00e9es \u00bb).<\/p>\n\n\n\n<h3 class=\"wp-block-heading\">2. Comment collectons-nous vos donn\u00e9es personnelles ?<\/h3>\n\n\n\n<p>Ces Donn\u00e9es sont collect\u00e9es soit sur la base de votre consentement, soit sont n\u00e9cessaires \u00e0 l\u2019ex\u00e9cution d\u2019un contrat.<\/p>\n\n\n\n<p>La lutte contre la fraude est fond\u00e9e sur l\u2019int\u00e9r\u00eat l\u00e9gitime de la Soci\u00e9t\u00e9.<\/p>\n\n\n\n<h3 class=\"wp-block-heading\">3. Pourquoi collectons-nous vos donn\u00e9es personnelles ?<\/h3>\n\n\n\n<p>Ainsi, vos Donn\u00e9es sont collect\u00e9es, notamment, afin de&nbsp;:<\/p>\n\n\n\n<ul class=\"wp-block-list\">\n<li>R\u00e9aliser des statistiques et mesures d\u2019audience.<\/li>\n<\/ul>\n\n\n\n<h3 class=\"wp-block-heading\">4. A qui transmettons-nous vos donn\u00e9es personnelles ?<\/h3>\n\n\n\n<p>En tant que responsable de traitement, la soci\u00e9t\u00e9 SEVRES RETOUCHES peut \u00eatre amen\u00e9e \u00e0 transmettre vos donn\u00e9es personnelles \u00e0 (i) des sous-traitants \u00e9ventuels de SEVRES RETOUCHES pour des raisons exclusivement techniques et logistiques (prestataires d\u2019h\u00e9bergement et de maintenance du Site, prestataires de gestion de bases de donn\u00e9es), (ii) des tiers en cas de restructuration de notre soci\u00e9t\u00e9, y compris cession totale ou partielle d\u2019actifs, fusion, absorption acquisition, scission et plus g\u00e9n\u00e9ralement toute op\u00e9ration de r\u00e9organisation et (iii) aux pilotes du programme dans votre entreprise.<\/p>\n\n\n\n<p>Enfin, la soci\u00e9t\u00e9 SEVRES RETOUCHES pourra \u00eatre amen\u00e9e \u00e0 communiquer \u00e0 des tiers vos Donn\u00e9es lorsqu\u2019une telle communication est requise par la loi, une disposition r\u00e9glementaire ou une d\u00e9cision judiciaire, ou si cette communication est n\u00e9cessaire pour assurer la protection et la d\u00e9fense de ses droits.<\/p>\n\n\n\n<h3 class=\"wp-block-heading\">5. Transferts de donn\u00e9es hors Union Europ\u00e9enne<\/h3>\n\n\n\n<p>Aucun transfert de donn\u00e9es personnelles hors de l\u2019Union Europ\u00e9enne n\u2019est r\u00e9alis\u00e9 par SEVRES RETOUCHES, ni par ses sous-traitants.<\/p>\n\n\n\n<h3 class=\"wp-block-heading\">6. Quels sont vos droits ?<\/h3>\n\n\n\n<p>Conform\u00e9ment \u00e0 la r\u00e8glementation en vigueur, vous disposez d\u2019un droit d\u2019acc\u00e8s et de rectification de vos Donn\u00e9es, ainsi que de celui d\u2019en demander l\u2019effacement, de vous opposer \u00e0 leur traitement et d\u2019en obtenir la limitation ou la portabilit\u00e9 dans la mesure o\u00f9 cela est applicable.<\/p>\n\n\n\n<p>Ces droits peuvent \u00eatre exerc\u00e9s directement par courrier \u00e9lectronique \u00e0 l\u2019adresse thomas.gomes@weuplearning.com. Un justificatif d\u2019identit\u00e9 pourra vous \u00eatre demand\u00e9.<\/p>\n\n\n\n<p>Cette demande relative aux droits peut \u00eatre directement effectu\u00e9e par courrier postal et exp\u00e9di\u00e9e \u00e0 l\u2019adresse suivante : SEVRES RETOUCHES, 112 rue de S\u00e8vres 75015 Paris ou par courriel direct \u00e0 l\u2019adresse : contact@sevresretouches.com<\/p>\n\n\n\n<h3 class=\"wp-block-heading\">7. Combien de temps conservons-nous vos donn\u00e9es personnelles ?<\/h3>\n\n\n\n<p>Les logs, sous r\u00e9serve de votre accord, dans le cadre des cookies et autres traceurs mis en place sur notre Site, seront conserv\u00e9s conform\u00e9ment \u00e0 la r\u00e9glementation applicable pour une dur\u00e9e n\u2019exc\u00e9dant pas douze (12) mois.<\/p>\n\n\n\n<h3 class=\"wp-block-heading\">8. Coordonn\u00e9es du d\u00e9l\u00e9gu\u00e9 \u00e0 la protection des donn\u00e9es (DPO) et droit d&rsquo;introduire une r\u00e9clamation<\/h3>\n\n\n\n<p>Pour toute question en lien avec la collecte et le traitement de vos Donn\u00e9es ou l\u2019exercice de vos droits, vous pouvez contacter par email le d\u00e9l\u00e9gu\u00e9 \u00e0 la protection des donn\u00e9es de SEVRES RETOUCHES \u00e0 l\u2019adresse suivante\u202f: contact@sevresretouches.com<\/p>\n\n\n\n<p>Vous disposez \u00e9galement du droit de saisir la Commission Nationale de l\u2019Informatique et des Libert\u00e9s (CNIL), 3 Place de Fontenoy \u2013 TSA 80715 \u2013 75334 PARIS CEDEX 07, de toute r\u00e9clamation se rapportant \u00e0 la mani\u00e8re dont VARIABLE collecte et traite vos Donn\u00e9es.<\/p>\n","protected":false},"excerpt":{"rendered":"<p>Le site internet https:\/\/www.sevresretouches.com (ci-apr\u00e8s \u00ab le Site \u00bb) est \u00e9dit\u00e9 par Sevres Retouches dont le si\u00e8ge social est \u00e0 112, rue de S\u00e8vres 75015 Paris, immatricul\u00e9e au registre de commerce et des Soci\u00e9t\u00e9s de paris sous le num\u00e9ro &nbsp;A 453 462 319, ayant la qualit\u00e9 de responsable de traitement au sens de la r\u00e9glementation [&hellip;]<\/p>\n","protected":false},"author":1,"featured_media":0,"parent":0,"menu_order":0,"comment_status":"closed","ping_status":"closed","template":"","meta":{"_et_pb_use_builder":"off","_et_pb_old_content":"","_et_gb_content_width":"","footnotes":""},"class_list":["post-423","page","type-page","status-publish","hentry"],"aioseo_notices":[],"_links":{"self":[{"href":"https:\/\/sevresretouches.com\/index.php\/wp-json\/wp\/v2\/pages\/423","targetHints":{"allow":["GET"]}}],"collection":[{"href":"https:\/\/sevresretouches.com\/index.php\/wp-json\/wp\/v2\/pages"}],"about":[{"href":"https:\/\/sevresretouches.com\/index.php\/wp-json\/wp\/v2\/types\/page"}],"author":[{"embeddable":true,"href":"https:\/\/sevresretouches.com\/index.php\/wp-json\/wp\/v2\/users\/1"}],"replies":[{"embeddable":true,"href":"https:\/\/sevresretouches.com\/index.php\/wp-json\/wp\/v2\/comments?post=423"}],"version-history":[{"count":2,"href":"https:\/\/sevresretouches.com\/index.php\/wp-json\/wp\/v2\/pages\/423\/revisions"}],"predecessor-version":[{"id":964,"href":"https:\/\/sevresretouches.com\/index.php\/wp-json\/wp\/v2\/pages\/423\/revisions\/964"}],"wp:attachment":[{"href":"https:\/\/sevresretouches.com\/index.php\/wp-json\/wp\/v2\/media?parent=423"}],"curies":[{"name":"wp","href":"https:\/\/api.w.org\/{rel}","templated":true}]}}