{"id":111,"date":"2021-07-24T16:11:28","date_gmt":"2021-07-24T14:11:28","guid":{"rendered":"https:\/\/sevresretouches.com\/?page_id=111"},"modified":"2024-02-29T18:41:47","modified_gmt":"2024-02-29T17:41:47","slug":"nettoyage-a-sec","status":"publish","type":"page","link":"https:\/\/sevresretouches.com\/index.php\/nettoyage-a-sec\/","title":{"rendered":"NETTOYAGE \u00c0 SEC"},"content":{"rendered":"\n\n[et_pb_section fb_built=\u00a0\u00bb1&Prime; _builder_version=\u00a0\u00bb4.9.3&Prime; _module_preset=\u00a0\u00bbdefault\u00a0\u00bb][et_pb_row column_structure=\u00a0\u00bb1_4,3_4&Prime; _builder_version=\u00a0\u00bb4.9.3&Prime; _module_preset=\u00a0\u00bbdefault\u00a0\u00bb][et_pb_column type=\u00a0\u00bb1_4&Prime; _builder_version=\u00a0\u00bb4.9.3&Prime; _module_preset=\u00a0\u00bbdefault\u00a0\u00bb][et_pb_text _builder_version=\u00a0\u00bb4.9.3&Prime; _module_preset=\u00a0\u00bbdefault\u00a0\u00bb]<h2 class=\"uppercase orange fusion-responsive-typography-calculated\" data-fontsize=\"28\" data-lineheight=\"44.8px\"><span>TOUT SOUTENU PAR NOTRE GARANTIE DE QUALIT\u00c9<\/span><\/h2>[\/et_pb_text][\/et_pb_column][et_pb_column type=\u00a0\u00bb3_4&Prime; _builder_version=\u00a0\u00bb4.9.3&Prime; _module_preset=\u00a0\u00bbdefault\u00a0\u00bb][et_pb_text _builder_version=\u00a0\u00bb4.9.3&Prime; _module_preset=\u00a0\u00bbdefault\u00a0\u00bb]<p>Nous avons une large gamme de services de blanchisserie et de nettoyage \u00e0 sec disponibles dans notre magasin. Tous les articles qui nous sont apport\u00e9s sont entretenus et nettoy\u00e9s par notre \u00e9quipe professionnellement form\u00e9e et b\u00e9n\u00e9ficient de notre garantie de qualit\u00e9.<\/p>\n<p>Notre magasins est \u00e9quip\u00e9 des technologies les plus r\u00e9centes et les plus efficaces et, aux c\u00f4t\u00e9s de nos \u00e9quipes hautement qualifi\u00e9es, nous permettent de fournir un service de blanchisserie et de nettoyage \u00e0 sec de haute qualit\u00e9.<\/p>\n<p>Si vous avez des articles qui ont besoin d&rsquo;\u00eatre lav\u00e9s ou nettoy\u00e9s \u00e0 sec mais que vous ne savez pas s&rsquo;ils peuvent \u00eatre nettoy\u00e9s et comment, appelez nous\u00a0 \u00a0et nous nous ferons un plaisir de discuter de votre exigences et vous donner un devis instantan\u00e9.<\/p>[\/et_pb_text][\/et_pb_column][\/et_pb_row][\/et_pb_section][et_pb_section fb_built=\u00a0\u00bb1&Prime; _builder_version=\u00a0\u00bb4.9.3&Prime; _module_preset=\u00a0\u00bbdefault\u00a0\u00bb background_color=\u00a0\u00bb#ff947f\u00a0\u00bb hover_enabled=\u00a0\u00bb0&Prime; global_module=\u00a0\u00bb116&Prime; saved_tabs=\u00a0\u00bball\u00a0\u00bb sticky_enabled=\u00a0\u00bb0&Prime;][et_pb_row _builder_version=\u00a0\u00bb4.9.3&Prime; _module_preset=\u00a0\u00bbdefault\u00a0\u00bb][et_pb_column type=\u00a0\u00bb4_4&Prime; _builder_version=\u00a0\u00bb4.9.3&Prime; _module_preset=\u00a0\u00bbdefault\u00a0\u00bb][et_pb_text _builder_version=\u00a0\u00bb4.9.3&Prime; _module_preset=\u00a0\u00bbdefault\u00a0\u00bb animation_style=\u00a0\u00bbfade\u00a0\u00bb]<h3 data-fontsize=\"22\" data-lineheight=\"35.2px\" class=\"fusion-responsive-typography-calculated\"><span>Besoin de conseils ?\u00a0Notre \u00e9quipe de tailleurs hautement qualifi\u00e9s est l\u00e0 pour vous aider<\/span><\/h3>[\/et_pb_text][et_pb_button button_text=\u00a0\u00bbENTRER EN CONTACT\u00a0\u00bb button_alignment=\u00a0\u00bbcenter\u00a0\u00bb _builder_version=\u00a0\u00bb4.9.3&Prime; _module_preset=\u00a0\u00bbdefault\u00a0\u00bb custom_button=\u00a0\u00bbon\u00a0\u00bb button_text_color=\u00a0\u00bb#FFFFFF\u00a0\u00bb button_bg_color=\u00a0\u00bbRGBA(0,0,0,0)\u00a0\u00bb animation_style=\u00a0\u00bbfold\u00a0\u00bb hover_enabled=\u00a0\u00bb0&Prime; button_bg_enable_color=\u00a0\u00bbon\u00a0\u00bb sticky_enabled=\u00a0\u00bb0&Prime;][\/et_pb_button][\/et_pb_column][\/et_pb_row][\/et_pb_section]\n\n","protected":false},"excerpt":{"rendered":"<p>TOUT SOUTENU PAR NOTRE GARANTIE DE QUALIT\u00c9Nous avons une large gamme de services de blanchisserie et de nettoyage \u00e0 sec disponibles dans notre magasin. Tous les articles qui nous sont apport\u00e9s sont entretenus et nettoy\u00e9s par notre \u00e9quipe professionnellement form\u00e9e et b\u00e9n\u00e9ficient de notre garantie de qualit\u00e9. Notre magasins est \u00e9quip\u00e9 des technologies les plus r\u00e9centes et les plus efficaces et, aux c\u00f4t\u00e9s de nos \u00e9quipes hautement qualifi\u00e9es, nous permettent de fournir un service de blanchisserie et de nettoyage \u00e0 sec de haute qualit\u00e9. Si vous avez des articles qui ont besoin d&rsquo;\u00eatre lav\u00e9s ou nettoy\u00e9s \u00e0 sec mais que vous ne savez pas s&rsquo;ils peuvent \u00eatre nettoy\u00e9s et comment, appelez nous\u00a0 \u00a0et nous nous ferons un plaisir de discuter de votre exigences et vous donner un devis instantan\u00e9.Besoin de conseils ?\u00a0Notre \u00e9quipe de tailleurs hautement qualifi\u00e9s est l\u00e0 pour vous aider<\/p>\n","protected":false},"author":1,"featured_media":0,"parent":0,"menu_order":0,"comment_status":"closed","ping_status":"open","template":"","meta":{"_et_pb_use_builder":"on","_et_pb_old_content":"","_et_gb_content_width":"","footnotes":""},"class_list":["post-111","page","type-page","status-publish","hentry"],"aioseo_notices":[],"_links":{"self":[{"href":"https:\/\/sevresretouches.com\/index.php\/wp-json\/wp\/v2\/pages\/111","targetHints":{"allow":["GET"]}}],"collection":[{"href":"https:\/\/sevresretouches.com\/index.php\/wp-json\/wp\/v2\/pages"}],"about":[{"href":"https:\/\/sevresretouches.com\/index.php\/wp-json\/wp\/v2\/types\/page"}],"author":[{"embeddable":true,"href":"https:\/\/sevresretouches.com\/index.php\/wp-json\/wp\/v2\/users\/1"}],"replies":[{"embeddable":true,"href":"https:\/\/sevresretouches.com\/index.php\/wp-json\/wp\/v2\/comments?post=111"}],"version-history":[{"count":6,"href":"https:\/\/sevresretouches.com\/index.php\/wp-json\/wp\/v2\/pages\/111\/revisions"}],"predecessor-version":[{"id":228,"href":"https:\/\/sevresretouches.com\/index.php\/wp-json\/wp\/v2\/pages\/111\/revisions\/228"}],"wp:attachment":[{"href":"https:\/\/sevresretouches.com\/index.php\/wp-json\/wp\/v2\/media?parent=111"}],"curies":[{"name":"wp","href":"https:\/\/api.w.org\/{rel}","templated":true}]}}